 - 3?
3
Calculate (5 - 10 - -9) + -2.
2
What is -12 - (-6 - 6) - 8?
-8
Calculate (3 - (5 + -7)) + -5.
0
-9 - -7 - -9 - 6
1
5 + 2 + -2 + -5
0
Calculate (-1 - -2) + 6 + -11.
-4
What is the value of -1 + (3 - -1 - 1) + -2?
0
What is 4 - ((4 - 5) + 3 + 2)?
0
What is the value of -1 + ((6 - -3) + -2 - 12)?
-6
What is the value of -5 + 2 + -1 + 2?
-2
Evaluate (-10 - -10) + 5 + 2 + -1.
6
What is 2 + -7 + 3 + (-4 - -4)?
-2
-2 + 0 - (-12 + 4 + 1)
5
Calculate -7 - -1 - (22 + -25).
-3
Calculate 8 + 1 - (5 + 1) - 3.
0
1 - (6 - (-6 + 4 + 13))
6
Calculate 2 - -11 - (-2 + 9).
6
Evaluate 3 + (7 - (-7 - -11)).
6
-8 - (4 + -5 + 3 + -5)
-5
What is 1 + -2 + 1 + -5 + 4?
-1
Evaluate -37 - -41 - (8 + -1).
-3
What is 0 - -11 - (0 + 5)?
6
Evaluate -6 - (-2 - 1) - 2 - -1.
-4
Evaluate 3 - ((-4 - -3) + (1 - 2)).
5
Evaluate 0 + -8 + 2 - -3 - -4.
1
Evaluate 2 - (-3 + 1 + -3).
7
What is -5 + 0 - (-13 - (-11 + 4))?
1
0 + (-6 - 0) + 11
5
Calculate 0 + 2 + (-4 - 2).
-4
Calculate -4 + (1 - 9) + 6 + 1.
-5
Calculate (2 - -1 - 1) + 0 - 1.
1
What is the value of 9 + -1 - 5 - (5 + -10)?
8
What is the value of 5 - 10 - (0 - 7)?
2
Evaluate -36 - -46 - (10 - 2).
2
Calculate 2 + 7 + -2 + 1 + -4.
4
Evaluate 22 + -12 + -13 + 7.
4
What is the value of 4 + -6 + -3 + (4 - -3)?
2
Evaluate (2 - (-1 - (-2 + 1))) + 1.
3
Calculate (-7 - -4) + (-1 - -4).
0
Calculate -3 - (-1 + -4 - 1).
3
What is 8 + (7 - 7) + -19?
-11
What is -1 + 6 - (5 + 3)?
-3
Evaluate -3 + (1 - ((0 - 4) + 6)).
-4
What is the value of 10 + -4 - -5 - 3?
8
What is 8 + (-4 - 1 - -4)?
7
Evaluate -8 - (-6 - (-6 + 5)).
-3
(4 - 7) + 9 - 7
-1
Evaluate 9 - 6 - (-2 + (-2 - -2)).
5
Evaluate 1 + (-6 - -5 - -1).
1
What is the value of 0 + -1 + (15 - 27) + 6?
-7
What is the value of -5 + (-2 - (-3 + 0 + 0))?
-4
Calculate 4 + (0 - -3 - 13).
-6
2 + 5 + 2 + -4 + 1
6
Calculate (4 + -1 - -2) + -7.
-2
Evaluate 2 - ((-3 - -2) + 0 + -2).
5
(-1 + 0 - (3 + -4)) + -6
-6
What is -10 + 3 + 2 + 1 + -1?
-5
-9 - -8 - -3 - 2
0
Calculate 3 - (1 - 5 - -4).
3
What is -10 + (-10 - -12) + 14?
6
0 + -4 - (-2 + -5)
3
(4 - ((-6 - -5) + 3)) + -7
-5
What is -8 + 10 + (0 - -1) + -2?
1
Calculate -3 + 5 + -7 - -7.
2
Evaluate (-10 - 7) + -4 + 13.
-8
Calculate -5 - (-10 + 5 - -1).
-1
8 - (0 - (-1 - 6))
1
Evaluate -13 + (-9 - -22) - (-1 + 1).
0
Calculate -14 - (16 - 29) - (-3 + 0).
2
What is the value of -4 - (3 - 13) - (4 - 1)?
3
Calculate 1 + (-2 + 8 - (11 + -1)).
-3
What is 1 + (3 + -1 + 1 - 5)?
-1
6 + (-7 - (8 + -8) - -7)
6
Calculate -5 - ((1 - 0) + -1).
-5
(4 - (1 + -1)) + -183 + 177
-2
Evaluate -9 - (4 + -12) - (1 - 5).
3
Evaluate -2 - ((8 - 2) + -5).
-3
7 - 7 - (2 + (-4 - -7))
-5
What is the value of -8 - (-1 + 2 + 5 + -10)?
-4
Calculate 5 + 14 + -20 + 8.
7
Evaluate -2 + (-26 - -30 - (3 - -1)).
-2
What is 2 + -2 + (-4 - -5) + -2?
-1
What is 4 - (-3 - -3 - -1 - 1)?
4
What is the value of -1 - ((-6 - -5) + -1)?
1
What is the value of (-9 - (-4 + 0)) + 0?
-5
What is -1 + -8 + (4 - -4)?
-1
-2 + (-1 - 2 - -6)
1
Calculate 7 - (-3 - (-10 + 3)).
3
9 + (1 - 8) + -11
-9
Evaluate -2 + -2 + (2 - 1).
-3
Evaluate (4 - -2) + 55 + -58.
3
4 + 10 - (23 - 15)
6
What is the value of (3 - 9 - -18) + -9?
3
Calculate 4 - ((0 - -4) + (1 - 6)).
5
Calculate 6 + -1 - 2 - 1.
2
-7 - (1 + -3) - -2
-3
Evaluate (4 - 1) + -7 - -6.
2
Evaluate 6 - (3 + 5) - (3 + -1).
-4
-5 + (-8 - -12) + -6
-7
Evaluate (12 - 13 - 1) + 5.
3
What is the value of 8 + -7 + 2 + 0?
3
Evaluate (0 - (-3 + (-5 - -6))) + 4.
6
Evaluate -14 + 9 + (-2 - 2) + 3.
-6
Calculate 3 - 5 - -3 - -1.
2
What is 4 + 0 - (0 + 5 + -2)?
1
Calculate -3 + (4 + -2 + -2 - 0).
-3
Evaluate 2 - ((-2 - -1) + 4).
-1
Calculate (-17 - -20) + 0 + -1 + 3.
5
(37 - 33) + 4 + -4
4
What is the value of 13 + (5 - 12) - -3?
9
What is 4 + -1 + -20 + 14?
-3
What is the value of -6 + 7 + -12 + 14?
3
What is (-1 - 1 - 1) + 10 + -6?
1
What is the value of (-32 - -37) + 0 + 0?
5
What is the value of (-6 - -10) + 9 - 2?
11
Evaluate 0 + (10 + -2 - 5).
3
What is 0 + (6 - 5) - -3?
4
Evaluate (-2 + 3 - 4) + (0 - -1).
-2
What is the value of 3 - (-2 + (0 - 1) - -1)?
5
Evaluate 39 + -46 - (-7 + 0).
0
-12 + 13 - (1 - 4)
4
Evaluate 12 + -7 - ((9 - -3) + -3).
-4
Calculate 5 - -2 - (-71 - -81).
-3
What is the value of 6 - (-9 - (-21 + 7))?
1
Evaluate -5 - ((-2 - -5) + -2).
-6
What is -9 + 2 - (2 - 8)?
-1
Calculate (-11 - -9) + -3 + 3 + 2.
0
What is (0 - -4) + 1 - (2 + -2)?
5
What is -3 + 2 + (-26 - -23)?
-4
What is the value of (1 - (5 + 2 + -2)) + -1?
-5
Calculate 1 + (0 - 7) - (3 + -6).
-3
What is the value of 0 + 8 + -2 + (-125 - -121)?
2
-9 + 7 - (3 - 5)
0
Calculate -1 + (1 + -9 - -4).
-5
What is 38 + -41 + (7 - 1)?
3
What is the value of 6 - (3 - 1) - (3 + -1)?
2
Evaluate -5 - (0 - (-13 + 11)).
-7
Evaluate (-1 - (-4 - -4)) + 5 - -3.
7
What is -2 - ((-2 - (0 - -2)) + 1)?
1
What is the value of -1 - -1 - (-7 + 4)?
3
What is the value of (-2 - 1) + 3 + (0 - 0)?
0
Calculate (5 - 2) + -2 + -2 + 6.
5
Evaluate -1 - 1 - (0 + 0 + 1).
-3
Calculate (2 - 8) + -8 + 0 + 6.
-8
Evaluate 0 + -1 + 5 + 1 + -3.
2
Evaluate -4 + 3 + (-4 - (0 + -2)).
-3
Evaluate -2 - (-5 + -4) - 5.
2
What is 2 - ((12 - 4) + -13 + -2)?
9
What is the value of 4 + -7 + 12 - 15?
-6
Calculate 1 - -7 - (24 + -18).
2
What is the value of 2 - (-2 + (-2 - -4))?
2
What is (-6 - -4 - 0) + 0?
-2
(-6 + -1 - -2) + 7
2
What is the value of -9 - (-4 - (-4 - -4))?
-5
Evaluate -2 - (0 - 2) - (-10 + 3).
7
Evaluate 13 - 8 - (0 + -1 + 1).
5
Calculate 4 - (-5 + 3) - 1.
5
Calculate 1 + -1 + -6 + 3.
-3
Evaluate -1 - (-8 - -7) - -7.
7
What is the value of -3 + (-3 - (-8 + 1))?
1
Evaluate 4 - 1 - (4 + -3).
2
Calculate -1 + 6 - (-11 - -20).
-4
63 - 60 - (8 + -1)
-4
What is the value of 1 + (-1 - (4 - -2))?
-6
What is 3 + (-1 + -1 - 5)?
-4
Calculate 0 + (5 - 5) + (0 - 2).
-2
Evaluate -2 - -4 - (32 - 29).
-1
What is (1 - 0) + -5 - (4 - 4)?
-4
What is -5 + (-5 + 2 - (-13 - -5))?
0
Calculate -1 + (4 - (4 + 3) - -6).
2
Evaluate 5 + -4 + 1 + -1.
1
Evaluate (-7 - -3) + (-6 - (5 + -7)).
-8
Evaluate -2 + 6 - (-2 + 2 + 0).
4
Evaluate 12 + -1 - (164 - 161).
8
Calculate -10 - (-18 + -8 + 15).
1
Calculate 27 - (10 + 3) - 12.
2
What is -4 - -4 - ((3 - 2) + 1)?
-2
Evaluate 3 + 0 - ((-3 - -1) + 1).
4
Evaluate -1 - (0 + 0 - (-3 - -4)).
0
-5 + (-5 - (-4 + -7))
1
What is (4 - 2 - 8) + -2 + 4?
-4
What is 10 - (23 - -1 - 6)?
-8
What is the value of 93 + -84 + -2 + -1?
6
What is the value of 2 - (-5 + -6) - 7?
6
Evaluate 7 + -11 + -4 + 3.
-5
Evaluate -3 + (2 - 1 - (3 - 6)).
1
What is the value of -2 + (-4 - -7 - -4) + -12?
-7
What is the value of -70 + 67 - (1 - 3)?
-1
What is the value of -1 - (4 - 1) - -3?
-1
What is the value of (30 - 28) + -7 + (3 - 2)?
-4
What is the value of -1 + -1 - (4 + -6 - 2)?
2
Evaluate (-4 - (-5 - 1 - -3)) + 3.
2
What is the value of (-7 - -11) + 1 - (3 + 0)?
2
Calculate 53 + -50 - (0 + 4).
-1
(26 - 26) + (-6 - -1) + 3
-2
What is the value of -206 + 213 + -17 + 0?
-10
What is (-7 - 0) + (8 - 0)?
1
Evaluate 7 + -2 + 1 + -2.
4
Evaluate 29 - 36 - (-9 + -1).
3
7 - 20 - -15 - 11
-9
Evaluate 22 + -15 + (-11 - -3).
-1
What is 19 + -16 - (4 - -2 - 2)?
-1
-164 + 169 + (1 - 0)
6
Calculate (3 - 1 - 0) + (-22 - -17).
-3
(-4 - (-3 + 0)) + -4
-5
What is (9 - 2) + -12 - -3?
-2
Calculate (0 - (-4 + -1) - 9) + 4.
0
Calculate (-6 + 0 - -1) + 61 + -51.
5
What is the value of 1 + 5 + -1 + -5 + 3?
3
What is the value of (8 - 11) + (2 - (-1 - -2))?
-2
1 + 5 + -1 + 1 + -2
4
What is the value of -11 - (-5 + -8) - 2?
0
-15 - (1 + 6 + (-10 - 4))
-8
What is the value of 3 - (-6 + 6 - (-1 - 4))?
-2
What is (4 - 4) + 4 + -6?
-2
What is 0 + -5 + (5 - -5)?
5
What is the value of 2 + -4 + -3 + -62 + 64?
-3
Evaluate -4 - 1 - (-8 + 15 + -9).
-3
What is 1 + (3 - 0) + -3 - -2?
3
Calculate 4 + -11 + 2 + (17 - 6).
6
Calculate (7 - 20) + 7 + -3.
-9
What is (12 - 3) + (7 - 12)?
4
(1 - 3 - -1) + 3 + 2
4
Evaluate 0 - ((1 - -2) + -8).
5
36 + -38 - (1 + -1)
-2
Calculate 0 - -2 - (13 + -14).
3
Evaluate 0 + (-6 + (2 - -2) - -4).
2
What is the value of -6 - (-6 + (8 - 3))?
-5
What is (3 - (-1 - -4)) + -5?
-5
What is the value of -3 + (-2 - (1 - 8)) + -1?
1
What is the value of -5 - (1 + (12 - 7))?
-11
What is 34 - 37 - (-12 + 0)?
9
What is -1 - (10 + (2 - 7))?
-6
What is the value of (-3 - 0) + 1 - (-3 - -11)?
-10
Calculate 0 + 0 + 1 - 2 - 2.
-3
-2 + (7 - (2 + 4))
-1
-15 + 7